se 15) in base 14?
491d49
What is 26b5d8 (base 14) in base 5?
320244443
-86cc4 (base 14) to base 9
-546553
What is -4534201 (base 8) in base 6?
-42144001
Convert -167437 (base 9) to base 10.
-103876
-159cb (base 16) to base 2
-10101100111001011
Convert 100110000101000000011001 (base 2) to base 12.
3414735
Convert 33438 (base 9) to base 6.
250525
Convert 58870 (base 11) to base 13.
2c848
What is -11001001110001111 (base 2) in base 9?
-166640
What is -54035142 (base 7) in base 12?
-1658590
What is -23554530 (base 6) in base 15?
-eb1ac
Convert 15430272 (base 10) to base 11.
8789aa0
-109120 (base 11) to base 12
-84271
What is 42ab15 (base 14) in base 16?
22734f
-21023212033 (base 4) to base 12
-9809a7
What is 1002101021 (base 4) in base 15?
55658
What is 2212022103 (base 4) in base 16?
a6293
-20001020110 (base 3) to base 10
-119001
Convert -254432654 (base 7) to base 10.
-16193363
Convert 100010111010011 (base 2) to base 6.
214431
What is -12405440 (base 7) in base 12?
-464948
What is 110010110101011110 (base 2) in base 13?
73a11
-110122011012 (base 3) to base 6
-5155222
-121232223 (base 4) to base 8
-315653
Convert -3525258 (base 10) to base 13.
-965769
Convert 21451412 (base 6) to base 14.
12ac24
-222158 (base 9) to base 10
-132812
What is -111101011000101111110 (base 2) in base 3?
-10210012021200
Convert 41324334 (base 5) to base 10.
339344
112002100122 (base 3) to base 8
1035440
Convert -2805b (base 13) to base 7.
-431000
-284674 (base 12) to base 13
-1a67b5
Convert 1555476 (base 9) to base 16.
d2d29
-12122112 (base 3) to base 4
-1000112
Convert -1100001001010101100100 (base 2) to base 4.
-30021111210
a0612 (base 13) to base 9
476167
89645 (base 10) to base 5
10332040
What is 1000001111011000111 (base 2) in base 13?
95ba0
de6fc (base 16) to base 12
37b310
2012110101212 (base 3) to base 11
72a324
What is 21236315 (base 8) in base 2?
10001010011110011001101
Convert -15927 (base 16) to base 12.
-43173
Convert 2616645 (base 7) to base 15.
6b036
Convert 265431 (base 8) to base 5.
10433303
Convert -718764 (base 11) to base 14.
-220575
What is 1010010101000001010 (base 2) in base 12?
143a36
Convert -1a41c4 (base 16) to base 10.
-1720772
414bb (base 15) to base 2
110010100001100111
What is -7310878 (base 10) in base 14?
-d84458
Convert -14351225 (base 6) to base 11.
-30a181
140874 (base 10) to base 6
3004110
What is -11231303313 (base 4) in base 8?
-5556367
Convert 10011111001000110110111 (base 2) to base 12.
18b589b
1513314 (base 9) to base 2
11001100000001101010
Convert 31020132301 (base 4) to base 11.
1a41535
What is -3001202032 (base 5) in base 15?
-7b2a12
Convert -114198 (base 11) to base 14.
-4a0a0
What is -3912649 (base 10) in base 13?
-a6cba0
-45206 (base 10) to base 13
-17765
What is 1105243 (base 8) in base 12?
1242ab
What is 5351231 (base 6) in base 8?
1002343
Convert 105410 (base 12) to base 5.
31224220
Convert -3241341232 (base 5) to base 4.
-122220103101
What is 14210203 (base 5) in base 14?
3bab7
What is 147154 (base 8) in base 12?
266b8
Convert 31c29 (base 14) to base 6.
2325153
Convert 157a50 (base 11) to base 4.
323301212
3210201312 (base 4) to base 11
58a2a9
-34230501 (base 6) to base 12
-425431
426123 (base 8) to base 16
22c53
2646333 (base 8) to base 3
1101121212120
What is -323a75 (base 15) in base 2?
-1001000111111100110100
What is 3634d (base 14) in base 11?
904a6
-120934 (base 13) to base 4
-1220332123
-1010110011001010111100 (base 2) to base 11
-1663aaa
What is 1022101010200010 (base 3) in base 12?
6367719
What is 20022021022210 (base 3) in base 13?
90460b
Convert -2224611 (base 7) to base 15.
-568e3
Convert 33003233211 (base 4) to base 8.
17035745
What is -2250546 (base 9) in base 11?
-75a2a8
What is -68235 (base 11) in base 6?
-2041142
1b3683 (base 12) to base 3
220112122200
What is -206263 (base 15) in base 12?
-622b33
What is 16007a8 (base 13) in base 16?
6baa10
Convert -4177 (base 11) to base 12.
-3249
-10000111010101100001110 (base 2) to base 5
-2113402302
Convert -4057052 (base 9) to base 3.
-11001221001202
6b40e (base 15) to base 11
213878
-1202412 (base 5) to base 11
-15781
What is 2077120 (base 14) in base 6?
1304540504
What is -1102210001022 (base 3) in base 8?
-2722642
Convert 47044107 (base 8) to base 16.
9c4847
402347 (base 10) to base 4
1202032223
What is 74aec1 (base 16) in base 2?
11101001010111011000001
What is 51b0 (base 14) in base 3?
201022010
100871 (base 12) to base 11
160976
What is -59791 (base 11) in base 3?
-11101011001
Convert 2e089 (base 15) to base 5.
14224004
-60348 (base 13) to base 5
-21000213
11110112 (base 5) to base 14
27788
226153 (base 10) to base 15
4701d
10010100101000010 (base 2) to base 11
521a0
Convert 11876 (base 10) to base 8.
27144
What is -61715 (base 10) in base 3?
-10010122202
620440 (base 10) to base 8
2273630
Convert -4440341 (base 5) to base 8.
-227434
-20212211200110 (base 3) to base 5
-1414023031
Convert -14815 (base 14) to base 12.
-25603
What is -142241546 (base 7) in base 2?
-100011100111110011111111
What is 122300110131 (base 4) in base 10?
7013661
2202010211 (base 3) to base 16
d321
11531636 (base 8) to base 10
2536350
-10ccb47 (base 13) to base 5
-2312312243
-1011201001021 (base 3) to base 11
-396956
473308 (base 11) to base 15
ec805
What is 6b30a (base 12) in base 7?
1136302
Convert 21112202 (base 4) to base 5.
2211211
-136b77 (base 15) to base 13
-26921b
What is -345701 (base 11) in base 7?
-4445140
What is 39743 (base 11) in base 5?
3304141
Convert -25305563 (base 7) to base 8.
-10564215
Convert -1054142323 (base 6) to base 7.
-201154143
102112202001200 (base 3) to base 6
335303330
Convert -697e84 (base 16) to base 15.
-918763
Convert 34045406 (base 7) to base 10.
2952746
-155658 (base 14) to base 8
-2656656
-1220520 (base 6) to base 13
-23775
What is -2215302 (base 6) in base 7?
-642431
What is -10235240 (base 6) in base 3?
-120021021120
What is -230221325 (base 6) in base 16?
-405ab5
What is 110100101011010000011 (base 2) in base 7?
20446212
Convert a6037 (base 11) to base 2.
100101101101000100
Convert 110102021110010 (base 3) to base 16.
64b243
33133100 (base 4) to base 5
4012230
What is 110131201 (base 6) in base 2?
111100001010100110001
What is 412623 (base 9) in base 3?
110102200210
1bb153 (base 13) to base 2
10101101010011101100
-11000011221010 (base 3) to base 7
-24046020
What is -22400 (base 10) in base 2?
-101011110000000
Convert ad922 (base 14) to base 9.
712323
202200404 (base 5) to base 4
3013322212
What is -10123223330 (base 4) in base 14?
-223668
Convert 11010101010011011 (base 2) to base 9.
175725
What is 120011212121 (base 3) in base 5?
34030143
What is 3035a (base 15) in base 16?
2543b
What is 6e040 (base 15) in base 5?
42213220
Convert -2257416 (base 8) to base 14.
-11db66
9d87 (base 15) to base 12
17417
What is 22201566 (base 8) in base 7?
55446323
361220 (base 7) to base 8
177402
-22232220312 (base 4) to base 15
-3a84d0
Convert -33898a (base 11) to base 15.
-a9a26
30121 (base 5) to base 12
1133
958a8 (base 11) to base 13
4b667
What is -1046453 (base 7) in base 10?
-129545
-1132011424 (base 5) to base 14
-4bd379
What is -620052 (base 10) in base 13?
-1892c4
Convert 5a3d92 (base 14) to base 5.
1242143223
Convert -3125535 (base 7) to base 4.
-1123323132
What is 1101001100111110111111 (base 2) in base 8?
15147677
447465 (base 12) to base 8
4122715
-12230201 (base 5) to base 9
-188222
What is d7053a (base 14) in base 9?
14587106
What is 10624601 (base 7) in base 5?
214241404
What is -220210212001 (base 3) in base 10?
-488323
What is -101001011001101011000 (base 2) in base 7?
-14350124
2202002120 (base 3) to base 12
27313
What is 207013 (base 8) in base 7?
405356
What is ad24 (base 16) in base 10?
44324
-1000011000100111 (base 2) to base 15
-a298
Convert 42c935 (base 14) to base 6.
120300123
Convert -8497222 (base 10) to base 5.
-4133402342
What is -54007a (base 16) in base 8?
-25000172
-1030421434 (base 5) to base 7
-24466231
What is 169198 (base 15) in base 8?
4130354
11102323000 (base 4) to base 15
1c64d4
Convert -701c (base 15) to base 5.
-1224102
-216547 (base 8) to base 9
-121201
What is 11100001100011 (base 2) in base 15?
4425
-1662b1 (base 13) to base 4
-2013310203
Convert 20623a9 (base 11) to base 16.
3773c0
Convert 46244512 (base 7) t